p) = p - 2. Let n be u(m). Let z(h) = -h - 9. What is z(n)?
-5
Suppose -2*j = 2, -4*p + 2*p + 5*j = -13. Let w(n) = -2*n**2 + p*n + 3*n**2 - 4*n + 5*n - 3. What is w(-5)?
-3
Let c = 68 + -31. Let o = c + -25. Let a(l) = 0*l + o - 10 + l. Calculate a(-5).
-3
Let y be (1/3)/(6/72). Suppose y*o - 8 = 2*o. Let u(d) = -2*d**2 + 4*d + 4. What is u(o)?
-12
Let l = -8 - -11. Let q = -1 - l. Let j(x) = -8*x**2 + 4. Let p(u) = 7*u**2 - 4. Let f(z) = 6*j(z) + 7*p(z). Give f(q).
12
Let d(w) be the first derivative of -w**3/3 - w**2 - 2*w - 15. Suppose 0*r - 26 = 3*r + 4*t, t = -r - 7. Calculate d(r).
-2
Let h(p) = -3*p**2 - p. Let l(a) = -a**2 + 29*a + 341. Let c be l(-9). What is h(c)?
-2
Suppose m - 3*u - 52 = 0, 0 = 4*m - 3*u - 146 - 44. Let f = 52 - m. Let p(k) = -2*k + 8. Calculate p(f).
-4
Let i(x) = x**3 - 7*x**2 + 4*x. Suppose 27*z - 16*z = 66. Determine i(z).
-12
Let t be 7/224*-4*-8. Let b(g) = 6*g**2 - 1. What is b(t)?
5
Let k(c) be the third derivative of c**6/120 - 2*c**5/15 + c**4/12 - 5*c**3/6 + 245*c**2. Calculate k(8).
11
Let o = -19 - -22. Let y(q) = q**2 + 3*q + 2*q - o*q - 12 + 10*q. What is y(-13)?
1
Let b(r) = -r**2 - 7*r - 6. Let q(k) = 1 - 7 - 6 + k - 3*k. Let c be q(-3). Give b(c).
0
Let r(x) = x**2 + 4*x - 3. Let y(a) = 2*a**2 + 2*a - 2. Let v(j) = -3*r(j) + 2*y(j). Suppose -o + 2 = -1. Let n = o - -4. What is v(n)?
-2
Let t be (-124)/16 + 1/(-4). Let i(z) = -3*z - 4*z + 3*z + 4 + 3*z. What is i(t)?
12
Let p(x) = 5*x - 1. Suppose 0 + 12 = 12*m. Give p(m).
4
Suppose -y = 3 - 5. Let w(u) = 8*u - y*u**3 - 12 + 15 - 5*u - 2*u**2. Determine w(-2).
5
Let o be 4 - (0 - (-9 + 4)). Let p(d) = -4*d - 2. Give p(o).
2
Let j(c) = 17 - 3 + c**3 + 5*c - 5 - 6*c**2 - 9 - 6. Calculate j(6).
24
Let n(h) = h**2 + 5*h + 6*h - 4*h + 1. Let m be n(-6). Let r(q) = -2*q + 7. Let d(p) = -p + 4. Let s(o) = -5*d(o) + 3*r(o). Give s(m).
6
Let k be (3/(-4))/(2/8). Let o(p) = 5*p + 13. Let x be o(k). Let w(d) = d**3 + 5*d**2 + 2*d + 3. What is w(x)?
11
Suppose 3*v + 4*x = -35, -3*x = v + 2*x + 30. Let d = -42 - -45. Let g(h) = -d + 3 + 17*h + h**3 - 12*h + 6*h**2. Give g(v).
0
Let b(s) = 22*s + 6. Let g be b(0). Let n(r) = r**2 - 7*r + 3. Calculate n(g).
-3
Let w be -72 + 72 - 2/(-3). Let i(g) be the first derivative of -2*g**2 + w*g**3 - 7 - 3*g. Calculate i(-2).
13
Let m(t) = -3 + 0*t**3 + 2 - t**3 - 7*t**2 - 7*t. Let y = 3 - 9. Let a be m(y). Let c(b) = -b**2 + 4*b + 4. Calculate c(a).
-1
Suppose -4*d = -12 - 4. Let j = 49 + -45. Let o(s) = j*s**2 + 4*s**3 + s - 6*s**3 - 1 + s**3. Give o(d).
3
Let j(k) = 3*k + 25 - 28 - 2*k + 13. Give j(-5).
5
Let t = -146 + 147. Let i(s) = -6*s - 3. Give i(t).
-9
Let w(r) = 5*r**2 - 5*r - 3. Let g(x) = x - 4 + 0*x + x**2 + 5*x**2 - 7*x. Let o(a) = -4*g(a) + 5*w(a). Give o(3).
7
Suppose 11*a = 346 - 401. Let h(m) = -m**2 - 5*m - 6. Give h(a).
-6
Let d(b) = 2*b**3 + 2*b**2 - 1. Let j(t) = -t**3 - 9*t**2 + 24*t + 21. Let r be j(-11). Calculate d(r).
-1
Let a = 81 + -75. Let b(r) = -1. Let y(w) = 3*w - 9. Let j(u) = -2*b(u) + y(u). What is j(a)?
11
Let d(s) = s**3 + 11*s**2 - 8. Let i be (-1 + 2 - 18) + 6. Determine d(i).
-8
Suppose -3*b + 8 + 1 = 0. Let c(x) = -2*x - 3*x - b*x**2 + x**2 + x**2. What is c(-4)?
4
Let a(u) = 2*u**3 + 3*u**2 - 5*u + 15. Let k(d) = -d**3 - 2*d**2 + 3*d - 7. Let g(f) = -4*a(f) - 7*k(f). Calculate g(0).
-11
Let c(a) = a + 3. Suppose -3*r + 30 = 12. Determine c(r).
9
Let m(l) = 11*l**2 + 118*l - 33. Let k(b) = -4*b**2 - 39*b + 9. Let d(v) = -7*k(v) - 2*m(v). What is d(-6)?
-3
Let i(z) = -7*z**3 - 6*z**2 - 4. Let v(g) = -38*g**3 - 30*g**2 - g - 20. Let f(o) = 11*i(o) - 2*v(o). Calculate f(-6).
-16
Let l(c) be the first derivative of c**4/4 - 2*c**3/3 + c**2 + 36. Let f = -7 + 9. What is l(f)?
4
Let g(n) = -n - 4*n + 5 + 3*n**3 + 6 - 6*n**2 - 6. Let d = 27 + -25. Let s(j) = -4*j**3 + 7*j**2 + 5*j - 5. Let w(u) = d*s(u) + 3*g(u). What is w(5)?
5
Let d(c) be the second derivative of -32*c + 3/2*c**3 + 0 + 1/12*c**4 + 3/2*c**2. Give d(-6).
-15
Let t(s) be the second derivative of s**5/20 - 5*s**4/12 - s**3/6 - 3*s**2 + 76*s. Calculate t(5).
-11
Let z(j) = -1012*j - j**3 - 7*j**2 + 1012*j. Let l = -20 - -13. Give z(l).
0
Let w(m) = -m**3 - 6*m**2 + m + 6. Let a be w(-6). Suppose a*d = 5*d. Let f(b) = b**2 + d*b - b - 4*b + 1. Calculate f(6).
7
Let f(a) be the second derivative of -1/2*a**3 + 1/30*a**5 + 2*a + 1/8*a**4 + 1/2*a**2 + 0. Let y(x) be the first derivative of f(x). What is y(-3)?
6
Suppose 2*d - 604 = -596. Let c(j) = -j**3 + 6*j**2 - 8*j + 10. What is c(d)?
10
Suppose p + 12 = -8*i + 5*i, -2*i - 10 = 0. Let h(k) = -k**2. Give h(p).
-9
Let n(s) = 5 - 2*s - 1 - 4. Let p(b) = -10*b. Suppose q - d - 2 = 0, 2*q + 17 = 3*q - 4*d. Let i(w) = q*p(w) + 14*n(w). Calculate i(1).
2
Let n(r) be the first derivative of -r**3/3 + 9*r**2/2 - 3*r - 692. Calculate n(8).
5
Let k(c) = 3*c - 9. Let w be k(4). Let y(z) = -3*z - 2*z + 6*z**2 - z - 2 - z**w. Determine y(5).
-7
Let k(j) = 8*j**2. Let p(l) be the second derivative of -2*l**3/3 + 3*l**2 - 11*l. Let w be p(4). Let t(i) = i**2 + 10*i - 1. Let o be t(w). Determine k(o).
8
Suppose -3*f + f = 0. Suppose f = 4*d - 4*y + 15 + 9, y = -2*d - 12. Let h be 279/(-54) + (-1)/d. Let m(u) = u**3 + 4*u**2 - 5*u + 4. Determine m(h).
4
Let p(z) = -19*z - 389 + 2*z + 159 + 163. Calculate p(-4).
1
Let k(v) = 6*v + 7. Let w = -5 - -2. Determine k(w).
-11
Let f(p) be the third derivative of -5*p**4/24 - p**3/3 - 157*p**2. Let b = 16 - 18. Calculate f(b).
8
Let r(y) = 3*y**2 - 3*y - 1. Let d(f) = -4*f**2 + 4*f + 1. Let t be ((-18)/(-4))/(6/(-8)). Let z(c) = t*r(c) - 4*d(c). Determine z(-2).
-10
Let d(y) = 3 + 4 + 87*y - 80*y + y**2. Suppose -4*o + 2*k = -14, -2*o + 9 = o - 2*k. Suppose -m - m + 30 = -o*w, -2*w - 12 = 2*m. Determine d(w).
1
Let o = -901 + 909. Let t(y) = y**3 - 10*y**2 + 17*y - 5. Give t(o).
3
Let b be (8/(-3))/(1/(-3)). Let r = b - 2. Let s(o) = -4 - 4*o + 6*o - 3*o**2 - o**3 + 9*o**2 - 3. What is s(r)?
5
Let m = 91 + -81. Let w(z) = z**2 - 11*z - 10. Calculate w(m).
-20
Suppose 54 = x + c + 66, -4*x - c - 48 = 0. Let w(j) = 3*j**2 - 8 + 10*j + j**3 + 10*j**2 + j - 1. Determine w(x).
3
Let m(y) be the first derivative of -y**3/3 + 7*y**2/2 - 7*y - 12. Let f be m(3). Let g(b) = -b**3 + 6*b**2 - 3*b - 6. Calculate g(f).
4
Let w(q) be the second derivative of q**4/12 + 7*q**3/3 - 11*q**2/2 - 11*q. Let l be w(-15). Let k be 14/7*10/l. Let b(t) = -t + 4. Calculate b(k).
-1
Let b(n) = 15*n**2 - 1. Let o(h) = h - 4. Let v be (-16)/(-64) + (-3)/(24/(-22)). Let r be o(v). What is b(r)?
14
Suppose -2 = 3*n + 5*h - 0, n = -4*h - 10. Let r(d) = -d**3 + 5*d**2 + 7*d - 10. Determine r(n).
-4
Let a = 68 + -43. Suppose 27*b - a*b - 4 = 0. Let p(t) = 2*t**3 + t**2 - t + 1. Determine p(b).
19
Let i(n) be the second derivative of -2*n**3/3 - 5*n**2/2 + 108*n. What is i(-2)?
3
Let o = 18 + -16. Let p(c) = -c - 10. Let a(b) = -5*b - 49. Let i(g) = o*a(g) - 11*p(g). Determine i(-6).
6
Let z(a) = 79*a + 91*a - 172*a + 2. What is z(4)?
-6
Suppose -3*j = j + 8. Let v(y) be the second derivative of 2*y**3/3 + y**2/2 + 21*y. What is v(j)?
-7
Let k(q) = 2*q - 7. Suppose 30 = -o - 4*z - 37, -5*o - z - 240 = 0. Let n = 53 + o. Give k(n).
5
Let d(h) = -h**3 - 3*h**2 + 2*h + 3. Let q(f) be the second derivative of -f**5/20 + f**4/2 + 7*f**3/6 - 3*f**2/2 + 12*f. Let k be q(7). Determine d(k).
-3
Let s(b) = -b - 12. Suppose -4*p + 52 = 76. What is s(p)?
-6
Let x = -202 - -205. Let q(k) = -5*k**2 + 3*k + 3. Give q(x).
-33
Let k(r) = -r**2 + 5. Let u(a) = a**2 - 13*a - 28. Let b be u(15). Let i be k(b). Let l(q) = -2*q. What is l(i)?
-2
Suppose 3 = 3*v, 2*x - 3*x - 3*v - 3 = 0. Let b(a) = -a**2 - 8*a - 10. Let t be b(x). Let r(f) = 10*f - t*f - 11*f. Give r(-2).
6
Let o(r) = r**3 + 9*r**2 + 8*r + 11. Let m = 4 - 2. Suppose u + 5 = 3*j, 4*u - 2*u = -m*j + 14. Suppose j*v = -2*q - 32, 2*v + 5*q + 20 + 16 = 0. Give o(v).
11
Let b(k) = 5*k. Let z(x) = 225*x. Let s(p) = -50*b(p) + z(p). What is s(1)?
-25
Let l(a) = -21 + 6*a**2 + a**3 - 5*a + 29 - 11*a**2. Determine l(6).
14
Let f = -331 - -334. Let m(b) be the third derivative of -1/24*b**4 + 0*b**5 + 0*b - 1/120*b**6 + 1/2*b**f - 2*b**2 + 0. Calculate m(0).
3
Let z(b) be the third derivative of -9*b**5/20 + b**3/6 - 107*b**2. Give z(-1).
-26
L